on factor of 40 and b?
20
Suppose -7 = -p + 11. Let v = -16 + p. Let w be 6/(-2)*(1 - 2). What is the greatest common factor of w and v?
1
Suppose 29 - 34 = -y. Let s = 40 - 15. What is the greatest common factor of y and s?
5
Let k(s) = 2*s. Let a be k(4). Let d = a + 2. Calculate the greatest common divisor of 4 and d.
2
Suppose -5*v - 2*t + 994 = 0, -5*v + 803 = -v - t. What is the highest common divisor of 25 and v?
25
Let c(j) = -3*j - 4. Let g be c(-5). What is the highest common divisor of g and 1?
1
Suppose -5*u + 0*u = 3*p - 43, 2*p = -3*u + 25. Suppose -4*w + 25 = -u. Calculate the highest common factor of 99 and w.
9
Let z = 217 - 167. What is the greatest common factor of z and 10?
10
Let h(r) = r**2 + r + 66. Let m be h(0). What is the greatest common factor of m and 165?
33
Suppose 2*o = 5 + 43. Calculate the greatest common factor of o and 12.
12
Let c = 0 + 2. Suppose 0 = -0*u + 3*u - 9. Let o be u/2*80/12. Calculate the highest common divisor of o and c.
2
Suppose 2*y + 16 = 8. Let c(p) = -p**3 + p**2 - p + 4. Let t be c(y). Calculate the greatest common factor of t and 11.
11
Let w be (-5)/15*-1*(-33)/(-1). Calculate the highest common factor of 99 and w.
11
Let f(m) = -2*m - 9. Let j be f(-7). Calculate the highest common divisor of j and 25.
5
Suppose 5*o + 15 = 0, -4*x + 261 = -5*o - 154. Suppose 0*z = 5*z - x. What is the greatest common factor of z and 80?
20
Suppose 3*l + 237 = 6*l. Let f be l + (3 - 0) + -1. Let g(y) = y**2 + 9. Let u be g(0). What is the greatest common factor of u and f?
9
Suppose 0 = 4*d - 11 - 29. Calculate the greatest common factor of 5 and d.
5
Let z = -13 - -27. Suppose 3*m + 2*m - a = 563, 4*m + 2*a = 442. Calculate the highest common divisor of m and z.
14
Let q be 1*2/(-1 + 3). Let i be (0 + 3 - 2)*q. Let s be (33/1)/i - -3. Calculate the highest common factor of 4 and s.
4
Let k be ((-1)/3)/((-3)/27). Let z(o) = -o**2 + 10*o + 2. Let w be z(9). Let v = w - -7. Calculate the highest common factor of v and k.
3
Let a be (-24)/(-18)*60/1. Calculate the highest common factor of a and 10.
10
Let h(o) = -o**2 + 15*o + 2. Suppose -2*y - 4*f + 17 = -f, -f = -4*y + 55. Let s be h(y). Calculate the greatest common factor of 42 and s.
14
Let c be 2/3*(-105)/(-14). Let b = -14 + 19. What is the highest common divisor of b and c?
5
Let w = -9 - -6. Let r = w - -7. What is the greatest common factor of r and 16?
4
Suppose -j + 19 - 3 = 2*u, 2*u = j. Let t = -1 + 2. Let x be t*(2 + (0 - -6)). Calculate the greatest common factor of j and x.
8
Let v be 8/(-32) - (-265)/4. Let x = 27 + -18. Let m = x - 3. Calculate the highest common divisor of v and m.
6
Suppose -2*f = -f. Suppose -2*m + 18 = -f*m. Let h be 138/8 - m/(-12). Calculate the highest common divisor of h and 126.
18
Suppose 3*t + 5 = -3*w - 13, 5*w = 4*t + 60. Let s be (44/t)/(4/(-10)). Calculate the greatest common divisor of 33 and s.
11
Suppose -29 = -n - 4*j, 0 = 3*n + j - 12 - 20. Let g = 21 - 12. Calculate the greatest common factor of n and g.
9
Let w be ((-18)/(-21))/((-2)/(-14)). Suppose -w*l + l = -175. Suppose 3*c = -5*g + 67, 3*c = -7*g + 4*g + 39. What is the greatest common divisor of l and g?
7
Suppose 6*r - 11*r = -30. Let x be (6/(-18))/((-1)/r). What is the highest common divisor of 5 and x?
1
Suppose 3 = -o + 2*o. Suppose -3*n - 8 = -n. Let a = n - -10. What is the greatest common factor of a and o?
3
Suppose 6*f - 165 = 3*f. Calculate the highest common divisor of f and 22.
11
Suppose 10 = d + 9. Suppose 3*y = 5*y - 2. Let a = 2 + y. What is the greatest common divisor of a and d?
1
Let a(n) = -n**2 - 6*n + 1. Let z be a(-6). Let d be ((-30)/18)/((-2)/(-9))*-2. Let k be (33/d)/(z/5). What is the greatest common divisor of k and 44?
11
Let a = -7 - -9. Suppose a*v = -3*v - 25, -v = -3*x + 17. Calculate the highest common divisor of x and 28.
4
Let t(s) = -s**2 + 4*s - 1. Let q be t(2). Let a(o) = o**2 - o - 3. Let h be a(q). Let l be 13/3 - (-2)/h. What is the highest common divisor of l and 25?
5
Let a = 105 - 81. What is the highest common divisor of 24 and a?
24
Suppose -48 = -2*c - 6*c. Calculate the highest common divisor of c and 1.
1
Let x(z) = z**3 - z**2 + 8. Let y be x(0). Let t = 65 - 41. What is the highest common divisor of t and y?
8
Suppose 0 = -0*g + g + 4. Let j = 0 - g. Calculate the greatest common divisor of j and 36.
4
Let n = 10 + -7. Suppose n*t = t + 34. What is the greatest common factor of 136 and t?
17
Suppose -2*c - 32 = -6*c. Let d(a) = a**3 - 8*a**2 + a + 2. Let m be d(c). Calculate the highest common factor of m and 110.
10
Let z be (9/(-1) - -6) + 8 + 1. Let x = 1 + 0. What is the highest common divisor of z and x?
1
Let k = 80 + -115. Let r = 7 - k. Suppose g - 4*g = -r. Calculate the highest common divisor of g and 14.
14
Suppose -5*j + 48 + 57 = -s, 5*s - 55 = -4*j. Let n = 39 - j. Calculate the highest common factor of n and 171.
19
Let v(a) = a**3 + 4*a**2 - 6*a - 3. Let p be v(-5). Let l = p - -70. Let i(y) = -3*y - 3. Let x be i(-4). Calculate the greatest common factor of x and l.
9
Suppose -5*g = 2*q - 2*g - 30, q - 4*g = 37. Calculate the highest common factor of q and 3.
3
Suppose -s - 14 = 2*l, -5*s - 30 = 2*l - 0*l. Let g = l - -9. Suppose -g*n + 55 = -5. What is the highest common divisor of 135 and n?
15
Suppose 6*y - 45 = 3*y. Suppose -y = 5*l - 10*l. Suppose 68 = 3*j - 2*h, -65 = -5*j - 5*h + 65. What is the highest common factor of j and l?
3
Let w = -142 + 233. Let b(q) be the first derivative of q**3/3 - 3*q - 2. Let d be b(4). Calculate the highest common divisor of d and w.
13
Suppose -4 = -w + m, 4*w - 3*m + 9 = 23. Suppose 2*d = -w + 16. What is the highest common factor of 14 and d?
7
Suppose -f - 6 - 10 = 0. Let i = f + 27. Let s be (-2)/(((-4)/8 + -1)/33). Calculate the highest common factor of i and s.
11
Suppose o - 2*o + 13 = 0. Calculate the greatest common factor of o and 13.
13
Suppose -3*u - 36 = -6*u. Suppose 3*a + 240 = 8*a. Calculate the greatest common factor of u and a.
12
Let l be ((-138)/8)/(3/(-12)). Let k = l - 47. Let g = 150 - 40. Calculate the greatest common factor of k and g.
22
Let s = -4 + 6. Suppose -24 = -s*o - 3*n, -5*o + n = -10 - 16. Suppose 2*m = -3*m + 180. What is the highest common factor of m and o?
6
Let a(u) = 8*u + 4. Let z be a(3). What is the highest common factor of z and 7?
7
Let u = -18 + 7. Let l = u + 15. Calculate the highest common divisor of 1 and l.
1
Let y(m) = 5*m**3 - 3*m**2 - 4*m. Suppose 0 = 3*k - 2*c - 11, 2*k + 3*c - 2 = 1. Let z be y(k). Let r = 34 - 22. What is the highest common divisor of z and r?
12
Let v(j) = 2*j**3 + 1. Let m be v(2). Let f be 6/4 + (-3)/2. Let w = f - -34. Calculate the greatest common divisor of w and m.
17
Let s be (-4)/8*1*-12. Let b(j) = -j**2 - 4*j + 7. Let h be b(-5). Calculate the greatest common divisor of h and s.
2
Suppose -y = 5 - 14. Calculate the greatest common divisor of 72 and y.
9
Suppose 2*q - 2 = 4. Suppose 2*m + 22 = q*c, 2*c + 3*m + 5 = 3*c. What is the greatest common factor of c and 72?
8
Suppose 3*b - 2 = 4. Suppose -4*f + 432 = -b*f. What is the highest common divisor of 24 and f?
24
Suppose 4*m - 199 = 9. What is the greatest common factor of m and 26?
26
Let t be (0 + (-9)/(-3))/3. What is the greatest common factor of t and 6?
1
Let v be 4/(-6)*(-42 + -3). Calculate the greatest common factor of v and 15.
15
Suppose -4*w = s - 2*s - 1, -w - 5 = -s. Suppose s - 3 = 4*o. What is the highest common divisor of o and 8?
1
Let u(n) = 3*n - 7. Let b = 18 + -12. Let j be 15/b*(1 - -1). Let h be u(j). Calculate the greatest common divisor of h and 72.
8
Suppose 3*x - 15 = -3*h, 5 - 38 = -5*h + 3*x. Let q be (27/6)/(-1 + (-9)/(-6)). Calculate the highest common divisor of q and h.
3
Let a(q) = -1 - 1 - q + 10*q**2 + 0. Let m be a(2). What is the greatest common factor of m and 90?
18
Let r = -32 + 34. What is the greatest common factor of r and 10?
2
Let p = -4 + 17. Calculate the greatest common factor of 65 and p.
13
Suppose 0 = -6*q + 39 + 33. What is the greatest common factor of 3 and q?
3
Let s be (-2)/4 - (-153)/18. What is the highest common factor of 20 and s?
4
Let g(d) = 5*d + 6. Let t be g(6). Let b be 5/2 - 1030/(-20). Calculate the highest common divisor 